{"id":1109,"date":"2016-05-10T03:48:21","date_gmt":"2016-05-10T03:48:21","guid":{"rendered":"http:\/\/malerknebel.de\/?page_id=2"},"modified":"2019-03-15T21:02:30","modified_gmt":"2019-03-15T21:02:30","slug":"sample-page-2","status":"publish","type":"page","link":"https:\/\/eutiner-bau-union.de\/","title":{"rendered":"\u00dcber uns"},"content":{"rendered":"\t\t<div data-elementor-type=\"wp-post\" data-elementor-id=\"1109\" class=\"elementor elementor-1109\">\n\t\t\t\t\t\t<section class=\"elementor-section elementor-top-section elementor-element elementor-element-04ff11f elementor-section-boxed elementor-section-height-default elementor-section-height-default\" data-id=\"04ff11f\" data-element_type=\"section\">\n\t\t\t\t\t\t<div class=\"elementor-container elementor-column-gap-default\">\n\t\t\t\t\t<div class=\"elementor-column elementor-col-66 elementor-top-column elementor-element elementor-element-63fa8e4\" data-id=\"63fa8e4\" data-element_type=\"column\">\n\t\t\t<div class=\"elementor-widget-wrap elementor-element-populated\">\n\t\t\t\t\t\t<div class=\"elementor-element elementor-element-3a634d4 elementor-widget elementor-widget-text-editor\" data-id=\"3a634d4\" data-element_type=\"widget\" data-widget_type=\"text-editor.default\">\n\t\t\t\t<div class=\"elementor-widget-container\">\n\t\t\t\t\t\t\t\t\t<p><span class=\"fontstyle0\">Willkommen bei der Eutiner Bau-Union GmbH &amp; Co<\/span><span class=\"fontstyle0\">. <\/span><span class=\"fontstyle0\">KG<\/span><\/p><p><span class=\"fontstyle0\">Als zuverl\u00e4ssiger Partner rund um den Bau ist das Unternehmen in Meisterhand von Lars Gr\u00e4ff.<\/span><\/p><p><span class=\"fontstyle0\">Seit unserer Gr\u00fcndung 1999 haben wir schon etliche Bauvorhaben realisiert sowie stets als optimal aufgestellter Dienstleister unseren Kunden zur Verf\u00fcgung gestanden<\/span><span class=\"fontstyle0\">.<br \/><\/span><\/p>\t\t\t\t\t\t\t\t<\/div>\n\t\t\t\t<\/div>\n\t\t\t\t\t<\/div>\n\t\t<\/div>\n\t\t\t\t<div class=\"elementor-column elementor-col-33 elementor-top-column elementor-element elementor-element-2b01855\" data-id=\"2b01855\" data-element_type=\"column\">\n\t\t\t<div class=\"elementor-widget-wrap elementor-element-populated\">\n\t\t\t\t\t\t<div class=\"elementor-element elementor-element-a538b76 elementor-widget elementor-widget-image\" data-id=\"a538b76\" data-element_type=\"widget\" data-widget_type=\"image.default\">\n\t\t\t\t<div class=\"elementor-widget-container\">\n\t\t\t\t\t\t\t\t\t\t\t\t\t\t\t<img fetchpriority=\"high\" decoding=\"async\" width=\"300\" height=\"300\" src=\"https:\/\/eutiner-bau-union.de\/wp-content\/uploads\/2019\/03\/graeff-300x300.jpg\" class=\"attachment-medium size-medium wp-image-1279\" alt=\"\" srcset=\"https:\/\/eutiner-bau-union.de\/wp-content\/uploads\/2019\/03\/graeff-300x300.jpg 300w, https:\/\/eutiner-bau-union.de\/wp-content\/uploads\/2019\/03\/graeff-150x150.jpg 150w, https:\/\/eutiner-bau-union.de\/wp-content\/uploads\/2019\/03\/graeff.jpg 400w, https:\/\/eutiner-bau-union.de\/wp-content\/uploads\/2019\/03\/graeff-230x230.jpg 230w, https:\/\/eutiner-bau-union.de\/wp-content\/uploads\/2019\/03\/graeff-350x350.jpg 350w\" sizes=\"(max-width: 300px) 100vw, 300px\" \/>\t\t\t\t\t\t\t\t\t\t\t\t\t\t\t<\/div>\n\t\t\t\t<\/div>\n\t\t\t\t\t<\/div>\n\t\t<\/div>\n\t\t\t\t\t<\/div>\n\t\t<\/section>\n\t\t\t\t<section class=\"elementor-section elementor-top-section elementor-element elementor-element-2336737 elementor-section-boxed elementor-section-height-default elementor-section-height-default\" data-id=\"2336737\" data-element_type=\"section\">\n\t\t\t\t\t\t<div class=\"elementor-container elementor-column-gap-default\">\n\t\t\t\t\t<div class=\"elementor-column elementor-col-100 elementor-top-column elementor-element elementor-element-7a3da41\" data-id=\"7a3da41\" data-element_type=\"column\">\n\t\t\t<div class=\"elementor-widget-wrap elementor-element-populated\">\n\t\t\t\t\t\t<div class=\"elementor-element elementor-element-4840168 elementor-widget elementor-widget-text-editor\" data-id=\"4840168\" data-element_type=\"widget\" data-widget_type=\"text-editor.default\">\n\t\t\t\t<div class=\"elementor-widget-container\">\n\t\t\t\t\t\t\t\t\t<p>Die Eutiner Bau-Union GmbH &amp; Co. KG bietet Ihnen umfangreiche Arbeiten\u00a0in\u00a0dem Gewerk Maurer-\u00a0und Betonarbeiten.<\/p><p>Zum Beispiel:<\/p><ul><li>Neubau<\/li><li>Altbausanierung<\/li><li>Innenausbau<\/li><li>Abdichtungsarbeiten<\/li><li>Kellersanierung<\/li><\/ul><p>Gerne unterst\u00fctzen wir Sie bei Ihrem individuellen Bauvorhaben, planen die Umsetzung und realisieren qualit\u00e4tsgerecht die Ausf\u00fchrung.<\/p><p>Das zuverl\u00e4ssige Koordinieren unterschiedlicher Gewerke geh\u00f6rt mit zu unseren \u00fcberzeugenden Leistungen.<br \/>Als innovatives mittelst\u00e4ndisches Unternehmen haben wir mit einer schlanken\u00a0Unternehmensstruktur und kurzen Wegen den Vorteil,\u00a0schnell und flexibel reagieren\u00a0zu k\u00f6nnen.<\/p><p>Als Bauunternehmen stehen wir f\u00fcr<\/p><ul><li>Professionalit\u00e4t<\/li><li>Zuverl\u00e4ssigkeit<\/li><li>Fachkompetenz<\/li><li>Flexibilit\u00e4t<\/li><\/ul><p>Der pers\u00f6nliche und freundliche Kontakt zu unseren Kunden ist uns besonders\u00a0wichtig.\u00a0Gerne beantworten wir Ihre Fragen.<\/p>\t\t\t\t\t\t\t\t<\/div>\n\t\t\t\t<\/div>\n\t\t\t\t<div class=\"elementor-element elementor-element-3394ea3 elementor-widget elementor-widget-spacer\" data-id=\"3394ea3\" data-element_type=\"widget\" data-widget_type=\"spacer.default\">\n\t\t\t\t<div class=\"elementor-widget-container\">\n\t\t\t\t\t\t\t<div class=\"elementor-spacer\">\n\t\t\t<div class=\"elementor-spacer-inner\"><\/div>\n\t\t<\/div>\n\t\t\t\t\t\t<\/div>\n\t\t\t\t<\/div>\n\t\t\t\t<div class=\"elementor-element elementor-element-234347d elementor-widget elementor-widget-heading\" data-id=\"234347d\" data-element_type=\"widget\" data-widget_type=\"heading.default\">\n\t\t\t\t<div class=\"elementor-widget-container\">\n\t\t\t\t\t<h3 class=\"elementor-heading-title elementor-size-default\">Wir bieten Ihnen<\/h3>\t\t\t\t<\/div>\n\t\t\t\t<\/div>\n\t\t\t\t<section class=\"elementor-section elementor-inner-section elementor-element elementor-element-49b4ffff elementor-section-boxed elementor-section-height-default elementor-section-height-default elementor-invisible\" data-id=\"49b4ffff\" data-element_type=\"section\" data-settings=\"{&quot;animation&quot;:&quot;fadeIn&quot;}\">\n\t\t\t\t\t\t<div class=\"elementor-container elementor-column-gap-default\">\n\t\t\t\t\t<div class=\"elementor-column elementor-col-50 elementor-inner-column elementor-element elementor-element-7b86de78\" data-id=\"7b86de78\" data-element_type=\"column\">\n\t\t\t<div class=\"elementor-widget-wrap elementor-element-populated\">\n\t\t\t\t\t\t<div class=\"elementor-element elementor-element-16ecd9df elementor-widget elementor-widget-heading\" data-id=\"16ecd9df\" data-element_type=\"widget\" data-widget_type=\"heading.default\">\n\t\t\t\t<div class=\"elementor-widget-container\">\n\t\t\t\t\t<h3 class=\"elementor-heading-title elementor-size-default\">Altbausanierung<br><\/h3>\t\t\t\t<\/div>\n\t\t\t\t<\/div>\n\t\t\t\t<div class=\"elementor-element elementor-element-59568e0b elementor-widget-divider--view-line elementor-widget elementor-widget-divider\" data-id=\"59568e0b\" data-element_type=\"widget\" data-widget_type=\"divider.default\">\n\t\t\t\t<div class=\"elementor-widget-container\">\n\t\t\t\t\t\t\t<div class=\"elementor-divider\">\n\t\t\t<span class=\"elementor-divider-separator\">\n\t\t\t\t\t\t<\/span>\n\t\t<\/div>\n\t\t\t\t\t\t<\/div>\n\t\t\t\t<\/div>\n\t\t\t\t<div class=\"elementor-element elementor-element-395d537 elementor-widget elementor-widget-image\" data-id=\"395d537\" data-element_type=\"widget\" data-settings=\"{&quot;_animation&quot;:&quot;none&quot;}\" data-widget_type=\"image.default\">\n\t\t\t\t<div class=\"elementor-widget-container\">\n\t\t\t\t\t\t\t\t\t\t\t\t\t\t\t\t<a href=\"http:\/\/eutiner-bau-union.de\/?page_id=1223\">\n\t\t\t\t\t\t\t<img decoding=\"async\" width=\"300\" height=\"300\" src=\"https:\/\/eutiner-bau-union.de\/wp-content\/uploads\/2019\/03\/Altbausanierung-300x300.jpg\" class=\"attachment-medium size-medium wp-image-1172\" alt=\"\" srcset=\"https:\/\/eutiner-bau-union.de\/wp-content\/uploads\/2019\/03\/Altbausanierung-300x300.jpg 300w, https:\/\/eutiner-bau-union.de\/wp-content\/uploads\/2019\/03\/Altbausanierung-150x150.jpg 150w, https:\/\/eutiner-bau-union.de\/wp-content\/uploads\/2019\/03\/Altbausanierung.jpg 400w, https:\/\/eutiner-bau-union.de\/wp-content\/uploads\/2019\/03\/Altbausanierung-230x230.jpg 230w, https:\/\/eutiner-bau-union.de\/wp-content\/uploads\/2019\/03\/Altbausanierung-350x350.jpg 350w\" sizes=\"(max-width: 300px) 100vw, 300px\" \/>\t\t\t\t\t\t\t\t<\/a>\n\t\t\t\t\t\t\t\t\t\t\t\t\t\t\t<\/div>\n\t\t\t\t<\/div>\n\t\t\t\t\t<\/div>\n\t\t<\/div>\n\t\t\t\t<div class=\"elementor-column elementor-col-50 elementor-inner-column elementor-element elementor-element-c1c3479\" data-id=\"c1c3479\" data-element_type=\"column\">\n\t\t\t<div class=\"elementor-widget-wrap elementor-element-populated\">\n\t\t\t\t\t\t<div class=\"elementor-element elementor-element-ad74679 elementor-widget elementor-widget-heading\" data-id=\"ad74679\" data-element_type=\"widget\" data-widget_type=\"heading.default\">\n\t\t\t\t<div class=\"elementor-widget-container\">\n\t\t\t\t\t<h3 class=\"elementor-heading-title elementor-size-default\">Neubau<br><\/h3>\t\t\t\t<\/div>\n\t\t\t\t<\/div>\n\t\t\t\t<div class=\"elementor-element elementor-element-84ee6bb elementor-widget-divider--view-line elementor-widget elementor-widget-divider\" data-id=\"84ee6bb\" data-element_type=\"widget\" data-widget_type=\"divider.default\">\n\t\t\t\t<div class=\"elementor-widget-container\">\n\t\t\t\t\t\t\t<div class=\"elementor-divider\">\n\t\t\t<span class=\"elementor-divider-separator\">\n\t\t\t\t\t\t<\/span>\n\t\t<\/div>\n\t\t\t\t\t\t<\/div>\n\t\t\t\t<\/div>\n\t\t\t\t<div class=\"elementor-element elementor-element-9a5cda4 elementor-widget elementor-widget-image\" data-id=\"9a5cda4\" data-element_type=\"widget\" data-widget_type=\"image.default\">\n\t\t\t\t<div class=\"elementor-widget-container\">\n\t\t\t\t\t\t\t\t\t\t\t\t\t\t\t\t<a href=\"http:\/\/eutiner-bau-union.de\/?page_id=1225\">\n\t\t\t\t\t\t\t<img decoding=\"async\" width=\"300\" height=\"300\" src=\"https:\/\/eutiner-bau-union.de\/wp-content\/uploads\/2019\/03\/Neubau-1-300x300.jpg\" class=\"attachment-medium size-medium wp-image-1173\" alt=\"\" srcset=\"https:\/\/eutiner-bau-union.de\/wp-content\/uploads\/2019\/03\/Neubau-1-300x300.jpg 300w, https:\/\/eutiner-bau-union.de\/wp-content\/uploads\/2019\/03\/Neubau-1-150x150.jpg 150w, https:\/\/eutiner-bau-union.de\/wp-content\/uploads\/2019\/03\/Neubau-1.jpg 400w, https:\/\/eutiner-bau-union.de\/wp-content\/uploads\/2019\/03\/Neubau-1-230x230.jpg 230w, https:\/\/eutiner-bau-union.de\/wp-content\/uploads\/2019\/03\/Neubau-1-350x350.jpg 350w\" sizes=\"(max-width: 300px) 100vw, 300px\" \/>\t\t\t\t\t\t\t\t<\/a>\n\t\t\t\t\t\t\t\t\t\t\t\t\t\t\t<\/div>\n\t\t\t\t<\/div>\n\t\t\t\t\t<\/div>\n\t\t<\/div>\n\t\t\t\t\t<\/div>\n\t\t<\/section>\n\t\t\t\t\t<\/div>\n\t\t<\/div>\n\t\t\t\t\t<\/div>\n\t\t<\/section>\n\t\t\t\t<section class=\"elementor-section elementor-top-section elementor-element elementor-element-ab4d939 elementor-section-boxed elementor-section-height-default elementor-section-height-default elementor-invisible\" data-id=\"ab4d939\" data-element_type=\"section\" data-settings=\"{&quot;animation&quot;:&quot;fadeIn&quot;}\">\n\t\t\t\t\t\t<div class=\"elementor-container elementor-column-gap-default\">\n\t\t\t\t\t<div class=\"elementor-column elementor-col-50 elementor-top-column elementor-element elementor-element-17c9878\" data-id=\"17c9878\" data-element_type=\"column\">\n\t\t\t<div class=\"elementor-widget-wrap elementor-element-populated\">\n\t\t\t\t\t\t<div class=\"elementor-element elementor-element-6aeec53 elementor-widget elementor-widget-heading\" data-id=\"6aeec53\" data-element_type=\"widget\" data-widget_type=\"heading.default\">\n\t\t\t\t<div class=\"elementor-widget-container\">\n\t\t\t\t\t<h3 class=\"elementor-heading-title elementor-size-default\">Innenausbau<br><\/h3>\t\t\t\t<\/div>\n\t\t\t\t<\/div>\n\t\t\t\t<div class=\"elementor-element elementor-element-6603c03 elementor-widget-divider--view-line elementor-widget elementor-widget-divider\" data-id=\"6603c03\" data-element_type=\"widget\" data-widget_type=\"divider.default\">\n\t\t\t\t<div class=\"elementor-widget-container\">\n\t\t\t\t\t\t\t<div class=\"elementor-divider\">\n\t\t\t<span class=\"elementor-divider-separator\">\n\t\t\t\t\t\t<\/span>\n\t\t<\/div>\n\t\t\t\t\t\t<\/div>\n\t\t\t\t<\/div>\n\t\t\t\t<div class=\"elementor-element elementor-element-5ca4bca elementor-widget elementor-widget-image\" data-id=\"5ca4bca\" data-element_type=\"widget\" data-widget_type=\"image.default\">\n\t\t\t\t<div class=\"elementor-widget-container\">\n\t\t\t\t\t\t\t\t\t\t\t\t\t\t\t\t<a href=\"http:\/\/eutiner-bau-union.de\/?page_id=1229\">\n\t\t\t\t\t\t\t<img loading=\"lazy\" decoding=\"async\" width=\"300\" height=\"300\" src=\"https:\/\/eutiner-bau-union.de\/wp-content\/uploads\/2019\/03\/Innenausbau-300x300.jpg\" class=\"attachment-medium size-medium wp-image-1261\" alt=\"\" srcset=\"https:\/\/eutiner-bau-union.de\/wp-content\/uploads\/2019\/03\/Innenausbau-300x300.jpg 300w, https:\/\/eutiner-bau-union.de\/wp-content\/uploads\/2019\/03\/Innenausbau-150x150.jpg 150w, https:\/\/eutiner-bau-union.de\/wp-content\/uploads\/2019\/03\/Innenausbau.jpg 400w, https:\/\/eutiner-bau-union.de\/wp-content\/uploads\/2019\/03\/Innenausbau-230x230.jpg 230w, https:\/\/eutiner-bau-union.de\/wp-content\/uploads\/2019\/03\/Innenausbau-350x350.jpg 350w\" sizes=\"(max-width: 300px) 100vw, 300px\" \/>\t\t\t\t\t\t\t\t<\/a>\n\t\t\t\t\t\t\t\t\t\t\t\t\t\t\t<\/div>\n\t\t\t\t<\/div>\n\t\t\t\t\t<\/div>\n\t\t<\/div>\n\t\t\t\t<div class=\"elementor-column elementor-col-50 elementor-top-column elementor-element elementor-element-5034f19\" data-id=\"5034f19\" data-element_type=\"column\">\n\t\t\t<div class=\"elementor-widget-wrap elementor-element-populated\">\n\t\t\t\t\t\t<div class=\"elementor-element elementor-element-c1a2788 elementor-widget elementor-widget-heading\" data-id=\"c1a2788\" data-element_type=\"widget\" data-widget_type=\"heading.default\">\n\t\t\t\t<div class=\"elementor-widget-container\">\n\t\t\t\t\t<h3 class=\"elementor-heading-title elementor-size-default\">Abdichtungsarbeiten<\/h3>\t\t\t\t<\/div>\n\t\t\t\t<\/div>\n\t\t\t\t<div class=\"elementor-element elementor-element-bd02465 elementor-widget-divider--view-line elementor-widget elementor-widget-divider\" data-id=\"bd02465\" data-element_type=\"widget\" data-widget_type=\"divider.default\">\n\t\t\t\t<div class=\"elementor-widget-container\">\n\t\t\t\t\t\t\t<div class=\"elementor-divider\">\n\t\t\t<span class=\"elementor-divider-separator\">\n\t\t\t\t\t\t<\/span>\n\t\t<\/div>\n\t\t\t\t\t\t<\/div>\n\t\t\t\t<\/div>\n\t\t\t\t<div class=\"elementor-element elementor-element-6a4a222 elementor-widget elementor-widget-image\" data-id=\"6a4a222\" data-element_type=\"widget\" data-widget_type=\"image.default\">\n\t\t\t\t<div class=\"elementor-widget-container\">\n\t\t\t\t\t\t\t\t\t\t\t\t\t\t\t\t<a href=\"http:\/\/eutiner-bau-union.de\/?page_id=75\">\n\t\t\t\t\t\t\t<img decoding=\"async\" src=\"https:\/\/eutiner-bau-union.de\/wp-content\/uploads\/elementor\/thumbs\/Abdichtung-o4vk2ea4s7op0p4up24d3wo3ncqjh1fseehcdwv83c.jpg\" title=\"Abdichtung\" alt=\"Abdichtung\" loading=\"lazy\" \/>\t\t\t\t\t\t\t\t<\/a>\n\t\t\t\t\t\t\t\t\t\t\t\t\t\t\t<\/div>\n\t\t\t\t<\/div>\n\t\t\t\t\t<\/div>\n\t\t<\/div>\n\t\t\t\t\t<\/div>\n\t\t<\/section>\n\t\t\t\t<\/div>\n\t\t","protected":false},"excerpt":{"rendered":"<p>Willkommen bei der Eutiner Bau-Union GmbH &amp; Co. KG Als zuverl\u00e4ssiger Partner rund um den Bau ist das Unternehmen in Meisterhand von Lars Gr\u00e4ff. Seit unserer Gr\u00fcndung 1999 haben wir schon etliche Bauvorhaben realisiert sowie stets als optimal aufgestellter Dienstleister unseren Kunden zur Verf\u00fcgung gestanden. Die Eutiner Bau-Union GmbH &amp; Co. KG bietet Ihnen umfangreiche [&hellip;]<\/p>\n","protected":false},"author":1,"featured_media":0,"parent":0,"menu_order":1,"comment_status":"closed","ping_status":"open","template":"","meta":{"footnotes":""},"class_list":["post-1109","page","type-page","status-publish","hentry"],"_links":{"self":[{"href":"https:\/\/eutiner-bau-union.de\/index.php?rest_route=\/wp\/v2\/pages\/1109","targetHints":{"allow":["GET"]}}],"collection":[{"href":"https:\/\/eutiner-bau-union.de\/index.php?rest_route=\/wp\/v2\/pages"}],"about":[{"href":"https:\/\/eutiner-bau-union.de\/index.php?rest_route=\/wp\/v2\/types\/page"}],"author":[{"embeddable":true,"href":"https:\/\/eutiner-bau-union.de\/index.php?rest_route=\/wp\/v2\/users\/1"}],"replies":[{"embeddable":true,"href":"https:\/\/eutiner-bau-union.de\/index.php?rest_route=%2Fwp%2Fv2%2Fcomments&post=1109"}],"version-history":[{"count":20,"href":"https:\/\/eutiner-bau-union.de\/index.php?rest_route=\/wp\/v2\/pages\/1109\/revisions"}],"predecessor-version":[{"id":1280,"href":"https:\/\/eutiner-bau-union.de\/index.php?rest_route=\/wp\/v2\/pages\/1109\/revisions\/1280"}],"wp:attachment":[{"href":"https:\/\/eutiner-bau-union.de\/index.php?rest_route=%2Fwp%2Fv2%2Fmedia&parent=1109"}],"curies":[{"name":"wp","href":"https:\/\/api.w.org\/{rel}","templated":true}]}}